er when 66 is divided by r(-8)?
15
Let z = -1226 - -1269. What is the remainder when 51 is divided by z?
8
Let o(p) = 4*p**2 + 2*p**2 + 1 - 4*p**2 + 3*p. Let s be o(-2). Calculate the remainder when 41 is divided by (-10 - -13)/(s/22).
19
Suppose 0 = -2*k + 10, 4*w + 0*k = -3*k + 51. Suppose 0 = -8*a + w*a - 3. Suppose -5*n = -a*n - 40. Calculate the remainder when 59 is divided by n.
19
Suppose 5*m - 4 = 161. Let g = 1277 + -1151. What is the remainder when g is divided by m?
27
Suppose -125 + 65 = -2*d. Calculate the remainder when d is divided by 8.
6
Let f(w) = -1 - w**2 + 2*w**2 - 4 + w**2. What is the remainder when 37 is divided by f(3)?
11
Let u = -146 + 158. Let a(y) = 16*y - 5. Let p be a(8). Let b = -78 + p. Calculate the remainder when b is divided by u.
9
Let w = -159 - -199. What is the remainder when w is divided by 16?
8
Let z(n) = 4*n**3 + 11 - 8*n**2 - 3*n**3 - 27 + 5*n. What is the remainder when 47 is divided by z(8)?
23
Let a(b) = -b + 17. What is the remainder when 106 is divided by a(-1)?
16
Suppose 30 = 4*m - 3*m. Suppose -m - 60 = -10*k. What is the remainder when 17 is divided by k?
8
Let u be 3 + 2 + -3 + 5. Suppose z + 348 = u*z. What is the remainder when z is divided by 15?
13
Suppose -4*x = -3*g + 1, x - g - 3 = -2*x. Let u(o) = -o**2 + 4*o - 13. Let s be u(4). What is the remainder when 51 is divided by s/(-2)*x*1?
12
Suppose o + 6*n = n + 31, 4*o + 4*n = 60. Let s(f) = 4*f**2 - 4*f - 1. Let q be s(-3). Let x = o + q. Calculate the remainder when x is divided by 20.
18
Let p(z) = 84*z**3 - z**2 + z. Let u be p(1). Let g = u - 29. Calculate the remainder when g is divided by 8.
7
Let k = 33 - 16. Calculate the remainder when k is divided by 12 + -10 + (2 - -3).
3
What is the remainder when 382 is divided by 10 - ((-26)/22 - (-8)/44)?
8
Let w(a) = -2*a - 16. Let r be w(-7). Let j(y) = 4*y**2 - 3*y - 3. Calculate the remainder when 54 is divided by j(r).
16
Suppose -2*c = -4*c + 8. What is the remainder when (c - 244/4)/(-1) is divided by 20?
17
Let f(u) = 24*u - 76. What is the remainder when 64 is divided by f(4)?
4
Suppose -6*i - 2*i = -224. Suppose -i = 23*a - 30*a. Suppose -4*l = -5*l + 15. Calculate the remainder when l is divided by a.
3
Let x be 34/4 - 2/4. Suppose -x = -r - 3*r. What is the remainder when -2 + ((-2)/2 - -5) is divided by r?
0
Suppose 75 = -4*w + 391. Calculate the remainder when w is divided by 41.
38
Suppose -4*l + 4*v + 274 = v, -2*v = -l + 66. Calculate the remainder when l is divided by 18.
16
Let r = 96 + -42. Suppose -3*o + 39 = -r. Let n = o + -19. Calculate the remainder when 47 is divided by n.
11
Let x(m) = 243*m - 1439. What is the remainder when 451 is divided by x(6)?
14
Suppose s = 4*o + 6*s - 125, 3*s = 4*o - 149. Calculate the remainder when 62 is divided by o.
27
Let j be (-8)/(-5) - (-54)/(-90). What is the remainder when (-6 + 11 - -49) + (j - 1) is divided by 7?
5
Let m(l) = 12*l - 13. Suppose -6*j + 7*j = 3. Calculate the remainder when 89 is divided by m(j).
20
Suppose 0 = j - 2*r - 49, -45*r + 43*r = 8. Calculate the remainder when 203 is divided by j.
39
Suppose -10*v - 932 = -12*v + 5*r, 4*v - 4*r - 1888 = 0. What is the remainder when v is divided by 9?
8
Let y = 12 + 18. Suppose 0 = -5*l + 10 + y. What is the remainder when l is divided by 5?
3
Suppose 2*a - k + 4*k - 35 = 0, 2*a - k = 15. Suppose -2*s - 3*s + a = 0. Suppose s*r = 3*r - 10. Calculate the remainder when r is divided by 6.
4
Let s(z) = 23*z - 19. Let q be s(3). Let a = q - 13. Calculate the remainder when 107 is divided by a.
33
Let r(q) = -q**3 - 14*q**2 + 13*q + 122. What is the remainder when 464 is divided by r(-15)?
8
Let w(k) be the first derivative of -13*k**2 - k + 5. Let r be w(-1). Calculate the remainder when 49 is divided by 172/10 - 5/r.
15
Suppose 0 = 2*j + 11 - 201. Calculate the remainder when 97 is divided by j.
2
Let o = 251 + -129. What is the remainder when o is divided by (-11)/(66/(-48)) + 34?
38
Suppose -89*g + 105*g - 64 = 0. Let y(x) = 14*x**3. What is the remainder when y(1) is divided by g?
2
Suppose 3*k = k + 324. Suppose k = x + 2*x - i, -3*i - 62 = -x. What is the remainder when x is divided by 19?
15
Suppose 2*z - 4 = -0. Suppose -z*m + 22 = 3*i, m + i = -3*m + 44. Let v = -3522 + 3526. Calculate the remainder when m is divided by v.
3
Let u be (-2 - -2)*(2 - 1). Suppose -5*k = 3*i - 8*i + 50, u = -4*k + 20. Calculate the remainder when (68 - (-35)/(-5)) + 0 + -2 is divided by i.
14
Suppose -34*w = -28*w - 258. What is the remainder when 67 is divided by w?
24
Let l = -7 + 11. Suppose 17 = -4*h + 37. Suppose -l*c = 2*o - 16, 0 + 10 = -h*o. Calculate the remainder when 14 is divided by c.
4
Suppose -r - 4*f = -6*f - 23, r + 3*f = 38. What is the remainder when 39 is divided by r?
10
Suppose 25 - 10 = 5*w. Suppose 6*f - 27 = w*f. Calculate the remainder when ((-116)/(-6))/(6/f) is divided by 8.
5
Let k be (2 + -3 - 8/(-4)) + 2. Suppose 25 = 5*f, -k*z - f + 21 = -14. Calculate the remainder when z is divided by 6.
4
Let v(k) be the third derivative of k**5/12 + 7*k**4/24 + 5*k**3/3 - 5*k**2. Calculate the remainder when v(-5) is divided by 26.
22
Let r(z) = -z**3 - 3*z**2 + 2*z - 27. Suppose -s - s = -14. Calculate the remainder when r(-5) is divided by s.
6
Let p = 356 - 189. Calculate the remainder when p is divided by 6.
5
Let j be (-4 - -1) + (-2 - 0). Let z = -3 - j. Suppose -4*q = -24 + 8. Calculate the remainder when q is divided by z.
0
Let q = 20 - -63. Let t = 109 - q. Calculate the remainder when 76 is divided by t.
24
Calculate the remainder when (-2 + (-1128)/9)*21/(-14) is divided by 64.
63
Suppose 15*w = -3*w + 234. Calculate the remainder when 50 is divided by w.
11
Suppose 3*x + 5*u = 511, 3*u = 8*x - 3*x - 829. What is the remainder when x is divided by 37?
19
Suppose 52 = 5*x - 143. Let z = 172 - x. Let v = z + -47. Calculate the remainder when v is divided by 22.
20
Let i(g) = -61*g - 201. What is the remainder when i(-4) is divided by 25?
18
Suppose 10*b - s + 381 = 14*b, 0 = s + 3. Calculate the remainder when b is divided by 39.
18
Let t(r) be the first derivative of -r**3/3 - 2*r**2 + 13*r + 10. Let d be t(-7). Calculate the remainder when 18 is divided by 4/d*-6 + 1.
2
Let i(o) = o - 1. Suppose 0 = 2*b - b - 29. Let t = b - 9. Calculate the remainder when t is divided by i(8).
6
What is the remainder when 137 is divided by (-8 - 1 - -21) + 12?
17
Suppose 0 = 13*m + 16*m - 87. What is the remainder when 26 is divided by m?
2
Suppose 4*n = -x + 1517, 0*x - n = -2*x + 3016. Calculate the remainder when x is divided by 54.
51
Suppose -2*c = 15 - 5. Let j = 10 - c. Calculate the remainder when j is divided by 11.
4
Let r = 41 - 37. Suppose r*k = 199 + 21. Calculate the remainder when k is divided by 20.
15
Let n(f) = -f**3 - 11*f**2 - 12*f - 16. Let a(l) = 3*l + 1 - 9*l - 8*l + 0. What is the remainder when a(-1) is divided by n(-10)?
3
Suppose -3*q - 24 = -3*o, -3*o - 2*o + 4*q = -35. Calculate the remainder when (4 + 14)/(-10 - -12) is divided by o.
0
Let n = -2503 - -2519. Let q = 38 - 0. Suppose 0 = 3*k - 4*t - q, 0*k + 2*t + 40 = 5*k. What is the remainder when n is divided by k?
4
Let z be 3938/4 - (-4)/(-8). Let r be ((-6)/4)/(18/z). Let h = r - -115. Calculate the remainder when 96 is divided by h.
30
Let l = -319 + 996. Calculate the remainder when l is divided by 85.
82
Suppose 0 = -q + 4 + 1. Suppose -q*h + 18 = k - 22, 0 = k. Calculate the remainder when 4/(-2) - (-3 - 12) is divided by h.
5
Suppose -t = 4*t - 505. What is the remainder when t is divided by (-27)/(-15) + -1 - 2016/(-80)?
23
Let l be ((3 - 4) + -6)/(2/(-2)). Suppose 122 = -5*r + l*r. What is the remainder when r is divided by 22?
17
Let t = 1230 + -828. Calculate the remainder when t is divided by 31.
30
Let s(m) = -10*m - 3. Let i(z) = -11*z - 2. Let b(w) = -2*i(w) + 3*s(w). Let u be b(-5). What is the remainder when 81 is divided by (-3)/30*-6*u?
18
Let y(u) = -14*u - 165. What is the remainder when 175 is divided by y(-16)?
57
Suppose 0 = -73*s + 4257 + 16913. Calculate the remainder when s is divided by 91.
17
Let k(b) = -b**3 + 8*b**2 + 7*b - 56. What is the remainder when 183 is divided by k(5)?
21
Suppose 35*m = 36*m - 116. Suppose 2*b - 144 = -m. What is the re